reatest common divisor of 15 and p?
15
Let q = -6 - -14. What is the greatest common divisor of q and 40?
8
Let a = -131 + 134. Let m(h) = -3*h - 3. Let q be m(-2). What is the highest common factor of a and q?
3
Let c = 84 + -66. What is the greatest common divisor of 6 and c?
6
Suppose 3*z = 4*h - 92, 3*z + 72 = 2*h + h. Calculate the highest common divisor of 5 and h.
5
Let s(m) = m**3 + 3*m**2 + 1. Let u be s(-3). Let j be (-5 + u)/(4/(-66)). Let d(l) = l + 6. Let q be d(0). Calculate the highest common factor of q and j.
6
Suppose 0 = 16*u + u - 2907. Calculate the highest common factor of u and 19.
19
Suppose 13 = 5*w - 17. Let f be 5*(-1*w)/(-3). What is the highest common divisor of 40 and f?
10
Suppose 3*z + 6 = 3*v + 7*z, 0 = -2*v + 2*z + 18. What is the highest common divisor of v and 8?
2
Suppose -5*m + 16 = -m - 2*w, 16 = -4*w. Let f be 2/m*6 - 2. Calculate the greatest common factor of f and 1.
1
Suppose -5 = -2*s - f, -f - 4*f + 5 = 0. Let o be (s - 8/2)*-11. Let n = 393 + -195. What is the highest common divisor of o and n?
22
Let f(h) = 11*h**2. Let n be f(2). Let t be 201/18 - 1/6. What is the greatest common factor of t and n?
11
Suppose -4*o + 18 = -b + 4*b, -o = -5*b + 7. Suppose a - 5*u = 19, -3*u - 59 = -o*a + a. Calculate the highest common divisor of 51 and a.
17
Let m(s) = s**3 - 3*s**2 + s + 1. Let h be m(3). Let i be h/2 + 2 + 0. Calculate the highest common factor of 12 and i.
4
Let v = 412 - 203. Suppose 0 = -r + 4*f + 66 - 20, 4*r = -4*f + 244. Let i = r - 39. Calculate the highest common factor of i and v.
19
Let w be 3/(((-2)/16)/((-2)/4)). Calculate the greatest common divisor of w and 24.
12
Let t(d) = d**2 + 10*d + 28. Let k be t(-6). Let n = -16 - -22. What is the greatest common divisor of k and n?
2
Suppose -2*n + 8 = 2. Suppose 59 = 3*c - 0*j - 2*j, -n*c - 4*j + 71 = 0. Let t = c - 11. Calculate the greatest common divisor of t and 4.
2
Suppose -14 = -4*o + 2. Suppose 2*j - 18 = -0*j. Let b = j - o. What is the greatest common factor of b and 25?
5
Let u be 18 + 0 + (1 - 3). Calculate the greatest common factor of 144 and u.
16
Let v = 24 - 0. What is the highest common factor of 24 and v?
24
Let i = 57 + -12. Suppose s = -4*s + i. Calculate the highest common factor of 45 and s.
9
Let k = 119 - 98. Calculate the greatest common factor of k and 357.
21
Let k = -5 + 8. Suppose k + 5 = 2*u, -4*w = u - 68. Suppose -528 = -3*q - c, 2*q = c - 6*c + 352. What is the highest common factor of q and w?
16
Let g = -3 + 8. Suppose o + 64 = g*o. Suppose -5*r = -3*r - 5*q - 8, 4*r = 4*q + 16. Calculate the highest common divisor of r and o.
4
Let l = -7 - -1. Let r be -3*4/l - -2. Let d be ((-4)/2)/((-2)/12). Calculate the highest common divisor of r and d.
4
Let s = -25 + 17. Let t be (-161)/(-4) + 2/s. Suppose 5*n = 21*n - 320. Calculate the highest common divisor of n and t.
20
Let k(x) = x + 12. Let r be k(-10). Let g be 14 - 0/(2/r). What is the greatest common factor of 98 and g?
14
Let l = -2 + 7. Let j = l - 4. Let z = j - -6. What is the greatest common divisor of z and 63?
7
Let n be ((-4)/(-3))/(1/6). Let f = 2 - -6. What is the greatest common divisor of n and f?
8
Suppose 5*l - 260 = 5*i, -250 = -l - 4*l - 5*i. What is the highest common factor of l and 17?
17
Let i(u) be the second derivative of 0 - 1/3*u**3 - 1/2*u**2 + u. Let s be i(-4). Calculate the greatest common factor of 7 and s.
7
Suppose -2*n - 100 = -7*n. Calculate the greatest common factor of n and 20.
20
Let h be (2/(-4))/((-10)/(-100)). Let i = 13 - h. Calculate the highest common divisor of 72 and i.
18
Let q(k) = -25*k + 4. Let n be q(-6). What is the highest common factor of 14 and n?
14
Let d be 4 + 2 + 4/(-2). Suppose -2*f - 5 = -25. Calculate the greatest common divisor of f and d.
2
Suppose 0*c + c = -14. Let l be 1/(1 - c/(-15)). What is the highest common factor of 5 and l?
5
Let z(u) = -u**2 - 5*u - 3. Let d be z(-3). Suppose -d*a = -2*i - i, -a - 8 = -3*i. Calculate the greatest common factor of 12 and a.
4
Let z(p) = -p + 46. Let n be z(24). What is the greatest common factor of n and 55?
11
Suppose -8*y + 4*y = -1144. Calculate the highest common divisor of y and 26.
26
Let y(j) be the third derivative of j**6/120 - 7*j**5/60 + 11*j**4/24 + 2*j**3/3 + 11*j**2. Let d be y(5). What is the highest common divisor of d and 9?
9
Let l = 60 + -26. Let n be -4 + l + (-6)/(-2). What is the greatest common factor of 22 and n?
11
Let t = -7 + 15. Suppose -5*i + 227 = -5*z + 752, 3*z - 5*i = 313. Let l = z + -26. What is the highest common factor of l and t?
8
Let d(r) = 2*r**2 + 9*r - 5. Let u be d(5). Calculate the greatest common factor of 10 and u.
10
Let r = 15 - -13. Let u = 163 - r. Let s be ((-2)/(-3))/(10/u). Calculate the highest common factor of 9 and s.
9
Let l(n) = 15*n + 1. Let q be l(6). Suppose 0*z = -z + 3*u + 35, -2*u = -3*z + q. Let c = 19 + z. Calculate the greatest common factor of c and 16.
16
Let w(b) = 6*b - 13. Let a be w(3). Let s = -215 + 611. Suppose 0 = a*p - 3*p - s. What is the greatest common factor of 18 and p?
18
Let r(g) = 1 - 6*g + 1 - 5*g**2 + 6*g**2. Let m be r(7). Suppose d = -4*f + 6*d - m, -5*f = 4*d - 40. Calculate the highest common divisor of f and 1.
1
Let j(h) = h**3 + 6*h**2 + 4*h - 1. Let c be j(-5). Calculate the highest common factor of c and 36.
4
Let m = 6 - -19. Let t = 15 + -5. Calculate the greatest common divisor of t and m.
5
Let p be 20/(-8)*(0 - -2). Let r be (3/(-9))/((-3)/9). Let g be ((-38)/5)/(r/p). Calculate the highest common divisor of 95 and g.
19
Let c = 19 + -28. Let z be (-4)/(-3) + (-114)/c. What is the greatest common divisor of 14 and z?
14
Suppose 23 = 221*m - 220*m. Calculate the highest common divisor of 161 and m.
23
Let u = 4 - 3. Let k(y) be the third derivative of 2*y**5/5 + y**4/24 - y**3/6 - y**2. Let h be k(u). Calculate the greatest common divisor of h and 16.
8
Suppose -78 - 90 = -6*y. What is the highest common factor of y and 252?
28
Suppose -3*a + 460 = -332. What is the highest common divisor of a and 24?
24
Let w = 55 - 31. Suppose 4*i - 62 = 2. Calculate the greatest common divisor of w and i.
8
Suppose 4*c - 69 = 11. Suppose j - 5*j + 92 = 4*b, -5*j + 109 = 3*b. What is the greatest common factor of j and c?
20
Let l(q) = -45*q - 9. Let r be l(-4). Let x be 1 - (-2 + (-2 - r)). Calculate the highest common factor of 16 and x.
16
Let h = 9 - 16. Let x = 2 + h. Let n be (x/(-2))/((-6)/(-204)). What is the greatest common divisor of n and 17?
17
Let v = -22 + 41. Suppose -l - m + 5 + 0 = 0, -3*l + 7 = -m. Suppose 0 = l*z - v - 35. What is the highest common divisor of 12 and z?
6
Let c = -112 + 128. Calculate the highest common factor of 16 and c.
16
Suppose 4*z - 18 = 86. Suppose 2*y - 8 = z. What is the greatest common divisor of 136 and y?
17
Let w(g) = g**3 + 16*g**2 - 3*g + 21. Let l be w(-16). Calculate the greatest common divisor of l and 46.
23
Let x = 7 - 5. Let r = -13 + 31. Suppose -26 = -4*q - 4*n + r, 5*q - 5*n = 5. What is the highest common divisor of q and x?
2
Let u be (-299)/(-3) - (-4)/(-6). Let x = 15 + -24. Let z(a) = a**2 + 8*a. Let p be z(x). Calculate the highest common factor of u and p.
9
Let b(j) = -j**3 + 1. Let k be b(2). Let s = 13 + k. What is the highest common factor of 6 and s?
6
Suppose -3*f = -0 - 9. Calculate the greatest common divisor of f and 27.
3
Let v = 27 - -6. What is the highest common divisor of 11 and v?
11
Let l = 46 + -31. Let t be (28/12)/(1/45). What is the highest common factor of l and t?
15
Let q = 880 - 528. Suppose i - 116 = -c, 2*i - c - q = -i. Calculate the highest common factor of 13 and i.
13
Suppose 5*y + 15 = 165. Let k = 2 + 4. What is the greatest common factor of k and y?
6
Suppose 0 = 3*n - 2*b + 9, 0*b + 13 = -2*n - b. Let i be (n - -47)*3/2. Let g = 12 - 3. Calculate the highest common factor of g and i.
9
Let x = 2 + -2. Suppose x = -t - 3*t + 2*l + 106, 3*l - 138 = -5*t. Suppose -f = -4*f + t. What is the highest common divisor of 1 and f?
1
Let p = -7 + 21. Calculate the greatest common divisor of 2 and p.
2
Suppose -3*m + 18 = 3. Suppose m*z - z - 160 = 0. Let d = -7 + 15. Calculate the greatest common divisor of z and d.
8
Let j(n) = n**3 + 6*n**2 - 2*n - 11. Let s be j(-